{"id":48,"date":"2016-03-16T07:51:40","date_gmt":"2016-03-16T07:51:40","guid":{"rendered":"http:\/\/paulrevellio.de\/?page_id=48"},"modified":"2017-04-10T11:55:33","modified_gmt":"2017-04-10T11:55:33","slug":"vita","status":"publish","type":"page","link":"https:\/\/paulrevellio.de\/?page_id=48","title":{"rendered":"Vita"},"content":{"rendered":"<p><strong>Paul Revellio<br \/>\n<\/strong><br \/>\n1957<br \/>\ngeboren in Donaueschingen<\/p>\n<p>1980-1988<br \/>\nStudium an der Hochschule der K\u00fcnste Berlin bei Georg Baselitz, W. St\u00f6hrer und W. Volkert<\/p>\n<p>Meistersch\u00fcler von Georg Baselitz<\/p>\n<p>1983-1986<br \/>\nMitglied der K\u00fcnstlergruppe &#8222;Gras Fressen&#8220; (mit M. v. Ostrowski, Michaela Habelitz\/Seliger, H. H. Zwanzig, Susanne Knaack, W. Muthesius, Richard Stimmel u.a.)<\/p>\n<p>Seit 1987<br \/>\nLithographiewerkstatt in Villingen im Schwarzwald<\/p>\n<p>1989<br \/>\nEdenkoben-Stipendium des Landes Rheinland-Pfalz<\/p>\n<p>Seit 1989<br \/>\nProjekte der &#8222;Malergruppe&#8220; mit Wesson Rockwell, G\u00fcnter Evertz, Mira Wunderer, Klaus Mertens, Annette Sandforth<\/p>\n<p>1991<br \/>\nErnst Barlach Preis \/ Stiftung Andreas Schmolze<\/p>\n<p>1993<br \/>\nStipendiat der Karl Hofer Gesellschaft Berlin<\/p>\n<p>Seit 1996<br \/>\nAtelier in Sachsenheim<\/p>\n<p>Seit 2007<br \/>\nLithowerkstatt in M\u00fchlacker<\/p>\n<p><strong> Literatur<\/strong><\/p>\n<p>Haus der W\u00f6rter. Ort der Blicke. Literatur, Malerei, Skulptur. K\u00fcnstlerhaus Edenkoben 1987 &#8211; 1992.<br \/>\nEdenkoben: Freundeskreis K\u00fcnstlerhaus, 1993.<br \/>\nKunst bei Henning. Ausstellungen 1988-1998 Gebr. Mann Verlag Berlin<br \/>\nPaul Revellio &#8211; Es gr\u00fc\u00dfen &#8222;Glotzer &amp; Co.&#8220; Stefan Simon in Almanach 2004, Heimatjahrbuch des Schwarzwald-Baar-Kreises<\/p>\n","protected":false},"excerpt":{"rendered":"<p>Paul Revellio 1957 geboren in Donaueschingen 1980-1988 Studium an der Hochschule der K\u00fcnste Berlin bei Georg Baselitz, W. St\u00f6hrer und W. Volkert Meistersch\u00fcler von Georg Baselitz 1983-1986 Mitglied der K\u00fcnstlergruppe &#8222;Gras Fressen&#8220; (mit M. v. Ostrowski, Michaela Habelitz\/Seliger, H. H. Zwanzig, Susanne Knaack, W. Muthesius, Richard Stimmel u.a.) Seit 1987 Lithographiewerkstatt in Villingen im Schwarzwald [&hellip;]<\/p>\n","protected":false},"author":1,"featured_media":0,"parent":0,"menu_order":0,"comment_status":"closed","ping_status":"closed","template":"","meta":{"ngg_post_thumbnail":0,"footnotes":""},"class_list":["post-48","page","type-page","status-publish","hentry"],"_links":{"self":[{"href":"https:\/\/paulrevellio.de\/index.php?rest_route=\/wp\/v2\/pages\/48","targetHints":{"allow":["GET"]}}],"collection":[{"href":"https:\/\/paulrevellio.de\/index.php?rest_route=\/wp\/v2\/pages"}],"about":[{"href":"https:\/\/paulrevellio.de\/index.php?rest_route=\/wp\/v2\/types\/page"}],"author":[{"embeddable":true,"href":"https:\/\/paulrevellio.de\/index.php?rest_route=\/wp\/v2\/users\/1"}],"replies":[{"embeddable":true,"href":"https:\/\/paulrevellio.de\/index.php?rest_route=%2Fwp%2Fv2%2Fcomments&post=48"}],"version-history":[{"count":6,"href":"https:\/\/paulrevellio.de\/index.php?rest_route=\/wp\/v2\/pages\/48\/revisions"}],"predecessor-version":[{"id":790,"href":"https:\/\/paulrevellio.de\/index.php?rest_route=\/wp\/v2\/pages\/48\/revisions\/790"}],"wp:attachment":[{"href":"https:\/\/paulrevellio.de\/index.php?rest_route=%2Fwp%2Fv2%2Fmedia&parent=48"}],"curies":[{"name":"wp","href":"https:\/\/api.w.org\/{rel}","templated":true}]}}

<p><strong>Paul Revellio<br />
</strong><br />
1957<br />
geboren in Donaueschingen</p>
<p>1980-1988<br />
Studium an der Hochschule der Künste Berlin bei Georg Baselitz, W. Stöhrer und W. Volkert</p>
<p>Meisterschüler von Georg Baselitz</p>
<p>1983-1986<br />
Mitglied der Künstlergruppe &#8222;Gras Fressen&#8220; (mit M. v. Ostrowski, Michaela Habelitz/Seliger, H. H. Zwanzig, Susanne Knaack, W. Muthesius, Richard Stimmel u.a.)</p>
<p>Seit 1987<br />
Lithographiewerkstatt in Villingen im Schwarzwald</p>
<p>1989<br />
Edenkoben-Stipendium des Landes Rheinland-Pfalz</p>
<p>Seit 1989<br />
Projekte der &#8222;Malergruppe&#8220; mit Wesson Rockwell, Günter Evertz, Mira Wunderer, Klaus Mertens, Annette Sandforth</p>
<p>1991<br />
Ernst Barlach Preis / Stiftung Andreas Schmolze</p>
<p>1993<br />
Stipendiat der Karl Hofer Gesellschaft Berlin</p>
<p>Seit 1996<br />
Atelier in Sachsenheim</p>
<p>Seit 2007<br />
Lithowerkstatt in Mühlacker</p>
<p><strong> Literatur</strong></p>
<p>Haus der Wörter. Ort der Blicke. Literatur, Malerei, Skulptur. Künstlerhaus Edenkoben 1987 &#8211; 1992.<br />
Edenkoben: Freundeskreis Künstlerhaus, 1993.<br />
Kunst bei Henning. Ausstellungen 1988-1998 Gebr. Mann Verlag Berlin<br />
Paul Revellio &#8211; Es grüßen &#8222;Glotzer &amp; Co.&#8220; Stefan Simon in Almanach 2004, Heimatjahrbuch des Schwarzwald-Baar-Kreises</p>

<p>Paul Revellio 1957 geboren in Donaueschingen 1980-1988 Studium an der Hochschule der Künste Berlin bei Georg Baselitz, W. Stöhrer und W. Volkert Meisterschüler von Georg Baselitz 1983-1986 Mitglied der Künstlergruppe &#8222;Gras Fressen&#8220; (mit M. v. Ostrowski, Michaela Habelitz/Seliger, H. H. Zwanzig, Susanne Knaack, W. Muthesius, Richard Stimmel u.a.) Seit 1987 Lithographiewerkstatt in Villingen im Schwarzwald [&hellip;]</p>
