{"id":1322,"date":"2019-09-23T11:37:55","date_gmt":"2019-09-23T11:37:55","guid":{"rendered":"http:\/\/paulrevellio.de\/?page_id=1322"},"modified":"2019-09-23T12:26:19","modified_gmt":"2019-09-23T12:26:19","slug":"projekte","status":"publish","type":"page","link":"https:\/\/paulrevellio.de\/?page_id=1322","title":{"rendered":"Projekte"},"content":{"rendered":"\n<p><strong>Internationale Kunstwoche Sch\u00fctzingen<\/strong><br>2. bis 6. September 2019<br><br><strong>Kunst mit Pinsel, Kochl\u00f6ffel und Nudelholz <\/strong><br>Eva Filitz <\/p>\n\n\n\nngg_shortcode_0_placeholder\n\n\n\n<p>Illingen-Sch\u00fctzingen\n(ef) Eine bunte Schar belebt in dieser Woche das Sch\u00fctzinger\nEvangelische Gemeindehaus. Die Evangelische Kirchengemeinde\nSch\u00fctzingen, das Katholische Dekanat M\u00fchlacker und die Caritas\nM\u00fchlacker  veranstalten in dieser Woche von Montag bis Freitag eine\n\u201eInternationale Kunstwoche f\u00fcr Kinder\u201c, Altersstufe sieben bis\nzw\u00f6lf Jahre. Auf 15 war eigentlich die Teilnehmerzahl begrenzt, doch\nam Ende waren es 18, die ihr Talent an den gro\u00dfen Arbeitstischen\nentfalten durften. Die Idee dazu hatte Sch\u00fctzingens Pfarrerin Sigrid\nTelian. Als Leiter der Workshops konnte sie die bekannten M\u00fchlacker\nK\u00fcnstler Sigrid Baumg\u00e4rtner und Paul Revellio gewinnen. Als Helfer\nwaren mit dabei: Irmgard Muthsam-Polimeli, Ottilie L\u00e4kem\u00e4ker und\nRoland F\u00f6rschler. Dessen Unterst\u00fctzung war gerade bei n\u00f6tigen\nhandwerklichen Fertigkeiten gefragt.<br>\n   Mit Paul Revellio waren\nauch seine bekannten \u201eGlotzer\u201c anwesend. Mit ihnen startete die\nKunstwoche.  Jeder der angehenden kleinen K\u00fcnstler fertigte mit\nStift und Zirkel Entw\u00fcrfe, die am anderen Tag mit Pinsel und Farbe\nauf die Leinwand \u00fcbertragen wurden. Anderntags standen Tonarbeiten\nauf dem Programm, die zum einen handwerkliches Geschick, dann aber\nauch k\u00fcnstlerische Fantasie erforderten. Zun\u00e4chst den Ton kneten,\ndann mit einem Nudelholz exakt auf eine vorgegebene Rahmengr\u00f6\u00dfe\nausrollen, dann die glatte Tonfl\u00e4che bildhaft ganz nach eigenem\nGusto gestalten. Etwas schwierig dabei die Vorstellung, dass dies ja\ndie R\u00fcckseite des werdenden Kunstwerkes war. Nun musste mit genauer\nKonsistenz Gips anger\u00fchrt werden, mit dem der t\u00f6nerne Rahmen\naufgef\u00fcllt wurde.  Erst nach dem v\u00f6lligen Aush\u00e4rten kann der\nfertige Gipsabdruck vorsichtig abgehoben und das Ergebnis dann\ngewisserma\u00dfen von Angesicht zu Angesicht bewundert werden. Damit die\nKinder eine Vorstellung davon bekommen, hatte Baumg\u00e4rtner zwei\nsolcher Abdrucke mitgebracht, die rechte Hingucker und f\u00fcr die\nKinder Ansporn waren. <br>\n    \u201eAlle sind mit gro\u00dfer Begeisterung\nund Feuereifer dabei\u201c, berichteten die \u201eLehrmeister\u201c. Dass es\nauch ihnen Freude machte, jungen Menschen auf diese Weise Wege zur\nKunst zu zeigen, die eigene Kreativit\u00e4t zu entdecken, war nicht zu\n\u00fcbersehen.  So farbig bunt wie die Glotzer war auch die Mischung der\n\u00fcber ein halbes Dutzend Nationalit\u00e4ten, die sich in gemeinsamer\nSchaffensfreude an den beiden gro\u00dfen Werktischen ausbreiteten. \u201eWir\nwollten allen bei uns wohnenden Ferienkindern die M\u00f6glichkeit zur\nTeilnahme bieten.  Nicht nur Sch\u00fctzinger sind dabei, die Kinder\nkommen zum Beispiel auch aus Wiernsheim, Schmie, M\u00fchlacker und\nIllingen und mehr\u201c, erkl\u00e4rte Muthsam-Polimeni, Leiterin der\nM\u00fchlacker Caritas. Mit Privat-Pkws w\u00fcrden sie morgens abgeholt, von\n10 bis 12 Uhr sei \u201eKunst angesagt\u201c, und nach einem gemeinsamen\nMittagessen w\u00fcrden alle wieder nach Hause gefahren. Zum zweiten Mal\nfindet eine solche Kunstwoche in Sch\u00fctzingen statt.<br>\n   Die\nTeilnahmegeb\u00fchr pro Kind betrug f\u00fcnf Euro. Dass damit nicht einmal\nann\u00e4hernd die umfangreichen Materialkosten gedeckt waren, liegt auf\nder Hand. Finanzielle Unterst\u00fctzung erhielten die Organisatoren vom\nDiakonischen Werk Baden-W\u00fcrttemberg, vom Katholischen Dekanat\nM\u00fchlacker und von \u201ekiJu\u201c, dem Kinder- und Jugendf\u00f6rderverein\ndes Enzkreises. <br>\n   H\u00f6hepunkt f\u00fcr die Teilnehmer wird Freitag,\nder 6 .September sein.  Es ist der letzte Tag und ab 12 bis 14 Uhr\npr\u00e4sentieren sie ihre Kunstwerke in einer Ausstellung im\nGemeindesaal. Die \u00d6ffentlichkeit ist dazu herzlich eingeladen.  Die\njungen K\u00fcnstler hoffen auf reges Interesse und w\u00fcrden sich \u00fcber\nviele Besucher sehr freuen.<br>\n&#8212;-<\/p>\n\n\n\n<p>04.09.2019\n\/ Eva Filitz<\/p>\n","protected":false},"excerpt":{"rendered":"<p>Internationale Kunstwoche Sch\u00fctzingen2. bis 6. September 2019 Kunst mit Pinsel, Kochl\u00f6ffel und Nudelholz Eva Filitz Illingen-Sch\u00fctzingen (ef) Eine bunte Schar belebt in dieser Woche das Sch\u00fctzinger Evangelische Gemeindehaus. Die Evangelische Kirchengemeinde Sch\u00fctzingen, das Katholische Dekanat M\u00fchlacker und die Caritas M\u00fchlacker veranstalten in dieser Woche von Montag bis Freitag eine \u201eInternationale Kunstwoche f\u00fcr Kinder\u201c, Altersstufe sieben [&hellip;]<\/p>\n","protected":false},"author":1,"featured_media":0,"parent":0,"menu_order":0,"comment_status":"closed","ping_status":"closed","template":"","meta":{"ngg_post_thumbnail":0,"footnotes":""},"class_list":["post-1322","page","type-page","status-publish","hentry"],"_links":{"self":[{"href":"https:\/\/paulrevellio.de\/index.php?rest_route=\/wp\/v2\/pages\/1322","targetHints":{"allow":["GET"]}}],"collection":[{"href":"https:\/\/paulrevellio.de\/index.php?rest_route=\/wp\/v2\/pages"}],"about":[{"href":"https:\/\/paulrevellio.de\/index.php?rest_route=\/wp\/v2\/types\/page"}],"author":[{"embeddable":true,"href":"https:\/\/paulrevellio.de\/index.php?rest_route=\/wp\/v2\/users\/1"}],"replies":[{"embeddable":true,"href":"https:\/\/paulrevellio.de\/index.php?rest_route=%2Fwp%2Fv2%2Fcomments&post=1322"}],"version-history":[{"count":9,"href":"https:\/\/paulrevellio.de\/index.php?rest_route=\/wp\/v2\/pages\/1322\/revisions"}],"predecessor-version":[{"id":1363,"href":"https:\/\/paulrevellio.de\/index.php?rest_route=\/wp\/v2\/pages\/1322\/revisions\/1363"}],"wp:attachment":[{"href":"https:\/\/paulrevellio.de\/index.php?rest_route=%2Fwp%2Fv2%2Fmedia&parent=1322"}],"curies":[{"name":"wp","href":"https:\/\/api.w.org\/{rel}","templated":true}]}}